+ -7. Let j = z - -13. List the prime factors of j.
11
Let l(r) = r - 7. Let p be l(9). Let q(k) = -2 - 3*k + 6*k + 2*k**2 + 0*k**2. List the prime factors of q(p).
2, 3
Suppose 2*y - 5*y + 7 = 2*i, y + 3 = 0. Suppose m = 3*m - i. What are the prime factors of 10/(4*2/m)?
5
Suppose -q + 18 = -0*q. Let v = q - 12. Let y(u) = u**3 - 6*u**2 + 3*u - 5. What are the prime factors of y(v)?
13
Let c(y) be the first derivative of -y**4/4 + 11*y**3/3 - 4*y**2 + 4*y - 1. Let u(k) = -k + 1. Let b(q) = -c(q) - 3*u(q). List the prime factors of b(10).
3
Suppose 71 + 9 = 5*i. What are the prime factors of -1 - 1/((-2)/i)?
7
Suppose 4*g - 451 = -3*w, -5*g = 3*w + 229 - 795. List the prime factors of g.
5, 23
Let v(p) = -9*p**2 - 9 - p**3 - p**2 + 17 + 0*p**3. List the prime factors of v(-10).
2
Let r(m) = 5*m**2 + 12*m - 12. What are the prime factors of r(6)?
2, 3, 5
Let c(x) = x**3 + x**2 + 17. Let r be c(0). Let m = r + 4. Suppose -m = -l + 2*n, l - 4*l + 3*n = -57. List the prime factors of l.
17
Let h(r) = r + 11. Let l = -12 + 3. Let t be h(l). Suppose 2*x - j - t*j - 9 = 0, -4*j + 30 = 2*x. What are the prime factors of x?
3
Suppose -2*j - 2 = -3*j. Suppose j = -t - 1, -4*l + 2*t = -186. List the prime factors of l.
3, 5
What are the prime factors of (775/5)/(5 - 4)?
5, 31
Suppose 3*j - 143 + 47 = 0. What are the prime factors of j?
2
Suppose 0*h + 33 = a - 3*h, -5*a + 3*h + 165 = 0. Let n = a - -15. List the prime factors of n.
2, 3
Let i = 7 + 11. Suppose i*m = 16*m + 6. List the prime factors of m.
3
Let r = -6 + 14. Suppose 10 = 2*c + 3*c. Let d = r + c. List the prime factors of d.
2, 5
Suppose 6 = 2*q + q. Let a = q - 0. Suppose a*u = 5 - 1. List the prime factors of u.
2
Let f(u) = u**2 + u - 4. Let s be f(3). Suppose 4*p - s = -x, -3*p - 5*x - 16 = -5. List the prime factors of ((-2)/6)/(p/(-153)).
17
Let f(t) = -t**2 - 6*t + 4. Let i be f(-6). Let l(m) = -m**3 + 4*m**2 + 4. List the prime factors of l(i).
2
Let i be (-2*(-3)/(-2))/(-1). Let p(q) be the second derivative of -q**4/12 + 4*q**3/3 - 3*q**2/2 - 2*q. List the prime factors of p(i).
2, 3
Suppose 4*v = -0*v - 3*y + 19, -5*v + 5*y + 15 = 0. List the prime factors of v/12*0 - -21.
3, 7
Let b(k) = k**2 - 3*k - 8. Let y be b(6). Let d = -73 + 105. List the prime factors of ((-15)/y)/((-2)/d).
2, 3
Let q(v) = 6*v**3 + 2*v - 2. List the prime factors of q(2).
2, 5
Suppose -2*f + 3*f - i - 26 = 0, -3*f - i = -78. What are the prime factors of f?
2, 13
Let z = 16 + -11. Suppose n - 30 = u, 0 = 4*n + n + z*u - 100. Suppose 0 = -3*j + 4*v + 3 + n, -22 = -j - 5*v. List the prime factors of j.
2, 3
Suppose 2*w + o = 7, w - 6 = -0*o + 2*o. Let g be -5 + (w - (-2 - -3)). Let u = g - -14. List the prime factors of u.
2, 3
Let f(k) = -k**3 - 7*k**2 + 4*k - 5. Suppose a - d = -5, -3*a + 2*a = 5*d + 23. What are the prime factors of f(a)?
3
Let b = -4 + 6. Suppose 5 = b*m + 1. What are the prime factors of 8 - (-1*m - -1)?
3
Suppose -74 = 4*r - 98. List the prime factors of r.
2, 3
Let j(u) = -u + 8. Let k be j(7). Let i(z) = 4*z + 1. Let r be i(k). Suppose r + 4 = 3*f. What are the prime factors of f?
3
Suppose 2*o + w = -2*w + 97, -5*o + 4*w = -185. Suppose -43 = -5*u - g, 5*u + 5*g - 3*g = o. Let z = 2 + u. What are the prime factors of z?
11
Let b be 8/(-6)*(-6)/4. Suppose 2*l + 3*o = 28, -3*l - 4*o + 42 = -b. What are the prime factors of l?
2, 5
Suppose 5*c - 167 = b, 4*c + 3*b - 180 = -54. What are the prime factors of c?
3, 11
Suppose -4*h + 38 = -34. Suppose h + 3 = u. What are the prime factors of 2/(0 - (-6)/u)?
7
List the prime factors of (-14)/(-4)*112/49.
2
Let i(f) be the first derivative of 29*f**3/3 - f**2/2 - f + 7. List the prime factors of i(-1).
29
What are the prime factors of 32/18 - (-26)/117?
2
Let r = 218 - 105. List the prime factors of r.
113
Suppose -2*q = -6, -2*d + 195 - 60 = 3*q. What are the prime factors of d?
3, 7
Let i = 8 - 6. Let w(a) = -a + 0*a**2 + 4*a**i + 11 - 5*a**2 + 0*a**2. List the prime factors of w(0).
11
Let q = 154 + -109. List the prime factors of q.
3, 5
Suppose 2 = 4*f - 22. Suppose -f*y + 31 = -2*y + 3*m, y + m = 9. List the prime factors of y.
2
Let v = -2 - -7. Let d = -4 - -7. Let q = v - d. List the prime factors of q.
2
Let z(b) = -17*b + 4. List the prime factors of z(-2).
2, 19
Suppose 4 = -3*w + 25. Suppose 2 = 5*x + w. What are the prime factors of 6*x*(-4)/3?
2
Let j(u) = -2*u + 9. Let b be j(7). Let z = b - -25. Let p = z - 9. What are the prime factors of p?
11
Let v be (-39)/18 - (-4)/24. Let c be (-151)/v - (-1)/2. What are the prime factors of 1/(-2) - c/(-8)?
3
Let n be ((-9)/(-6))/((-3)/(-16)). Let k(o) = 3 + o - o**3 - 8*o**2 - o**3 + 3*o**3. List the prime factors of k(n).
11
Let o(j) = -5*j + j + 10*j + 13*j**2 + j**3 - 16 + 4*j. What are the prime factors of o(-12)?
2
Let u(p) = -p**3 + 9*p**2 + 8. What are the prime factors of u(9)?
2
Let p(f) = f**2 + 37. List the prime factors of p(0).
37
Let w(j) be the third derivative of j**5/60 + j**4/8 + 2*j**3/3 + 3*j**2. What are the prime factors of w(-3)?
2
Suppose 0 = -2*r + 5*t + 241, 5*r - 6*t - 610 = -t. List the prime factors of r.
3, 41
Let i(z) = 4*z**2 + 2*z - 3. Let f(b) = -b**2. Let o(m) = 3*f(m) + i(m). What are the prime factors of o(2)?
5
Let o = 24 - 18. Suppose 2*n + 104 = o*n. What are the prime factors of n?
2, 13
Suppose 0 = -s - 4*s + 130. Let i = s + -16. Let j = i - 2. What are the prime factors of j?
2
Let n(v) = v**3 - v**2 - v + 26. What are the prime factors of n(0)?
2, 13
Let h(w) = -3*w**3 - 2*w**2 - 2. Let i be h(-2). Let x be (-4)/i + (-422)/(-7). Suppose -x = -3*y - y. What are the prime factors of y?
3, 5
List the prime factors of 7 - 3437/(-28) - (-2)/8.
2, 5, 13
Let f = -2 + 0. Let c = 6 - f. What are the prime factors of c?
2
Let c = 37 + -13. Let b(w) = w**3 + w**2 - w. Let u be b(0). Suppose -q - q + c = u. What are the prime factors of q?
2, 3
Suppose v - 5*g = 4, 0 = 5*v + g - 0 + 6. Let j(n) = 27*n**2 - n. Let r be j(v). Suppose 0 = 2*o - 4*c - r, 0*o + 4*c = -5*o + 28. List the prime factors of o.
2
Let o(i) = -5*i**3 - 2*i**2 - 4*i - 3. List the prime factors of o(-2).
37
Suppose 52 = 2*j + 2*h, h + 61 = -j + 3*j. Suppose 7 = 3*x - j. List the prime factors of x.
2, 3
Let u = 11 - 8. Suppose -2*h + h = 2*o - 15, -u*o + 3*h + 45 = 0. What are the prime factors of o?
2, 5
Let f = 11 - 12. What are the prime factors of (f - 11)*(-1 - 0)?
2, 3
Let g(d) = 6*d**2 - 4*d + 8. List the prime factors of g(3).
2, 5
Suppose 0 = -3*q + 5*q - 40. Suppose -q = -8*o + 4*o. Suppose 4*l - 6 = -o*i, l + 16 = 5*i + 5. What are the prime factors of i?
2
Let j = -1 - -2. Let w(u) = 9*u + 1. What are the prime factors of w(j)?
2, 5
Suppose -8 = -4*b + 2*b. Suppose 0 = -5*w + 1 + b. Suppose j - 5 = -w. What are the prime factors of j?
2
Let w be 2/(-4) + 1/2. Suppose k + l = 14, 3*k + w*l - 37 = -2*l. List the prime factors of k.
3
Let k be 3 - 2/(8/12). Suppose -33 + 8 = -5*t, -4*l + t + 15 = k. What are the prime factors of l?
5
Let u be (8/5)/((-12)/(-30)). Suppose 5*q = 5*x - 8 - 12, u*q - 5*x = -14. What are the prime factors of (q + (-4 - -1))*-1?
3
Let n = -13 - -5. Let g(c) = c**2 + 7*c + 7. What are the prime factors of g(n)?
3, 5
Let t(a) = a**2 - 2*a + 1. Let u be t(1). Let b = 11 - 5. Let c = b - u. What are the prime factors of c?
2, 3
Let z = -31 + 59. List the prime factors of z.
2, 7
Suppose 17 = 4*c - 91. What are the prime factors of c?
3
Suppose -d + 12 = 3*d, -d = 5*q + 2. Let o be 0/(2 + q) - -2. Suppose -5 + o = -y. What are the prime factors of y?
3
Let u(x) = x**2 - 4. Let j be u(-2). Let r(z) = -z**3 - z**2 - z + 3. What are the prime factors of r(j)?
3
Suppose 7 = 5*a - 8. Suppose 10 = 2*i - 4. Suppose 48 = -a*g + i*g. List the prime factors of g.
2, 3
Let b = 149 + -27. What are the prime factors of b?
2, 61
Let p(d) = 86*d**2 - 2. What are the prime factors of p(1)?
2, 3, 7
Let c = -271 - -402. What are the prime factors of c?
131
Suppose -15 = 4*g - 3, -5*k + 546 = 3*g. What are the prime factors of k?
3, 37
Let k be -5*-1*(7 - 1). Suppose -4*m - f = -0*f - k, 2*m - f = 18. List the prime factors of m.
2
Let h = -7 + 10. Let x = 5 - 3. Suppose 35 = h*s - 5*o, 3*s + 3*o - 1 - x = 0. What are the prime factors of s?
5
Let t(z) = -4*z +